399 prime?
True
Is 203177 a composite number?
True
Is 228347 prime?
False
Is 9543 a composite number?
True
Is 389357 composite?
False
Is 6761 prime?
True
Is 139501 a composite number?
False
Is 536947 prime?
True
Is 66823 prime?
False
Is 20593 a composite number?
False
Is 144473 composite?
True
Is 95005 a prime number?
False
Is 1096579 prime?
False
Is 592429 a composite number?
False
Is 339265 composite?
True
Is 660871 a prime number?
False
Is 213539 a composite number?
False
Is 278327 prime?
False
Is 80621 a composite number?
False
Is 1721473 a prime number?
False
Is 2761 prime?
False
Is 53539 composite?
True
Is 323585 a prime number?
False
Is 27899 a composite number?
True
Is 173003 a prime number?
False
Is 4532743 prime?
True
Is 271951 a prime number?
False
Is 21011 prime?
True
Is 18539 a composite number?
False
Is 183457 a composite number?
True
Is 308291 composite?
False
Is 1157 a prime number?
False
Is 36997 a prime number?
True
Is 25523 a composite number?
False
Is 232871 a composite number?
False
Is 5087 prime?
True
Is 2199643 a prime number?
True
Is 709 a composite number?
False
Is 172537 prime?
False
Is 102757 composite?
True
Is 23401 prime?
False
Is 12989 composite?
True
Is 751 a prime number?
True
Is 86399 a composite number?
False
Is 25229 composite?
False
Is 20589 composite?
True
Is 15373 a prime number?
True
Is 227407 prime?
True
Is 319559 prime?
False
Is 11905 a prime number?
False
Is 7103 composite?
False
Is 32897 a composite number?
True
Is 7828277 composite?
False
Is 5998 prime?
False
Is 52361 prime?
True
Is 49163 a prime number?
False
Is 54301 composite?
True
Is 12347 a prime number?
True
Is 679 a prime number?
False
Is 37234 a prime number?
False
Is 2721 a prime number?
False
Is 1894757 prime?
True
Is 2165483 a composite number?
False
Is 5501 prime?
True
Is 1523521 a composite number?
False
Is 14569 a prime number?
False
Is 13397 prime?
True
Is 12713 prime?
True
Is 14143 a composite number?
False
Is 5623 composite?
False
Is 751 a composite number?
False
Is 1206941 a composite number?
False
Is 260921 composite?
False
Is 2653 a prime number?
False
Is 4258 composite?
True
Is 548902 a prime number?
False
Is 261073 a composite number?
True
Is 9029 composite?
False
Is 6503 prime?
False
Is 101485 a composite number?
True
Is 32317 a composite number?
True
Is 355591 composite?
False
Is 39665 a composite number?
True
Is 47837 a prime number?
True
Is 3659 composite?
False
Is 24623 prime?
True
Is 2419129 a prime number?
False
Is 19858 a composite number?
True
Is 4981 composite?
True
Is 287 a composite number?
True
Is 2777 composite?
False
Is 19235 composite?
True
Is 6299 prime?
True
Is 17807 prime?
True
Is 918431 composite?
False
Is 5437 a prime number?
True
Is 625231 prime?
True
Is 272671 prime?
False
Is 56857 a prime number?
True
Is 926759 composite?
True
Is 331841 a composite number?
False
Is 136241 a composite number?
True
Is 764945 composite?
True
Is 793357 composite?
True
Is 852769 a prime number?
True
Is 276231 composite?
True
Is 1087 composite?
False
Is 14215 a composite number?
True
Is 31049 prime?
False
Is 6660293 composite?
False
Is 26591 a prime number?
True
Is 18191 a prime number?
True
Is 276103 prime?
False
Is 1039 a composite number?
False
Is 6197 composite?
False
Is 219721 prime?
True
Is 866161 prime?
True
Is 944789 a composite number?
True
Is 5731 a prime number?
False
Is 161683 a prime number?
True
Is 1651 a prime number?
False
Is 35635 a composite number?
True
Is 138427 a prime number?
True
Is 254741 a prime number?
True
Is 45943 a prime number?
True
Is 38953 prime?
True
Is 1507 prime?
False
Is 11113 composite?
False
Is 2363 a composite number?
True
Is 96881 a composite number?
True
Is 107441 prime?
True
Is 2879601 composite?
True
Is 970027 a prime number?
True
Is 96297 composite?
True
Is 64799 composite?
True
Is 113749 a composite number?
False
Is 24997 composite?
True
Is 102119 composite?
True
Is 231547 prime?
True
Is 14969 a prime number?
True
Is 6899 a composite number?
False
Is 498013 a prime number?
True
Is 182057 a prime number?
True
Is 19937 prime?
True
Is 4391 a prime number?
True
Is 2477 prime?
True
Is 26471 a prime number?
False
Is 8347 a prime number?
False
Is 194641 composite?
True
Is 1381967 prime?
True
Is 4399 a prime number?
False
Is 1061689 a prime number?
True
Is 1811 prime?
True
Is 28922 a prime number?
False
Is 6619 a composite number?
False
Is 29789 composite?
False
Is 2923 prime?
False
Is 75203 composite?
True
Is 767 composite?
True
Is 2123 a composite number?
True
Is 325418 composite?
True
Is 94151 a composite number?
False
Is 16417 composite?
False
Is 605233 a composite number?
False
Is 33639 composite?
True
Is 118117 a composite number?
True
Is 8603 a composite number?
True
Is 92465 prime?
False
Is 17103 composite?
True
Is 2073 prime?
False
Is 5981 prime?
True
Is 2127 prime?
False
Is 587 prime?
True
Is 370547 a composite number?
False
Is 21421 composite?
True
Is 60223 composite?
False
Is 53087 prime?
True
Is 97987 a prime number?
True
Is 1088093 a composite number?
False
Is 5773 composite?
True
Is 65629 a composite number?
False
Is 86297 prime?
True
Is 35517 prime?
False
Is 117799 composite?
True
Is 541 composite?
False
Is 504079 a composite number?
True
Is 137001 a composite number?
True
Is 8531 composite?
True
Is 77389 composite?
True
Is 235219 a prime number?
False
Is 33997 prime?
True
Is 17713 prime?
True
Is 69477 prime?
False
Is 4153 a prime number?
True
Is 16673 composite?
False
Is 1722419 a composite number?
False
Is 907633 a prime number?
False
Is 5326 a composite number?
True
Is 1543 prime?
True
Is 6121 a prime number?
True
Is 1163467 composite?
False
Is 6931 a composite number?
True
Is 17611 a composite number?
True
Is 1020517 a prime number?
True
Is 20161 composite?
False
Is 188663 a composite number?
True
Is 120467 prime?
False
Is 1735 prime?
False
Is 1245509 a composite number?
False
Is 979793 composite?
True
Is 2440203 composite?
True
Is 38507 a prime number?
False
Is 1253885 composite?
True
Is 6769 a prime number?
False
Is 5059 a composite number?
False
Is 267851 a prime number?
False
Is 215023 a composite number?
True
Is 254757 composite?
True
Is 527621 prime?
False
Is 38351 prime?
True
Is 2281 a prime number?
True
Is 17341 composite?
False
Is 66587 prime?
True
Is 85235 a prime number?
False
Is 1420429 a composite number?
False
Is 377051 composite?
False
Is 214417 a composite number?
True
Is 956347 prime?
False
Is 21999 prime?
False
Is 13645 a composite number?
True
Is 38669 a composite number?
False
Is 19394 prime?
False
Is 56519 a prime number?
True
Is 3967 composite?
False
Is 650179 prime?
True
Is 33227 a prime number?
False
Is 20611 a composite number?
False
Is 16237 a composite number?
True
Is 4086827 a prime number?
False
Is 3131 composite?
True
Is 11621 prime?
True
Is 1559879 a composite number?
False
Is 1681 composite?
True
Is 2543 prime?
True
Is 1790137 prime?
True
Is 25895 a composite number?
True
Is 3514031 a composite number?
True
Is 7507 composite?
False
Is 373931 a prime number?
False
Is 98837 composite?
False
Is 1191011 prime?
True
Is 2285 composite?
True
Is 150959 prime?
True
Is 745 a prime number?
False
Is 5057 a composite number?
True
Is 14351 prime?
False
Is 337719 a composite number?
True
Is 43853 a prime number?
True
Is 134 a composite number?
True
Is 153155 a prime number?
False
Is 321149 a composite number?
True
Is 2249 a composite number?
True
Is 13501 composite?
True
Is 51314 prime?
False
Is 186449 a composite number?
True
Is 181157 composite?
False
Is 71123 prime?
False
Is 739 a composite number?
False
Is 24917 a composite number?
False
Is 79073 composite?
True
Is 216169 composite?
True
Is 12689 composite?
False
Is 212174 a prime number?
False
Is 837569 a prime number?
False
Is 2495 a prime number?
False
Is 698327 prime?
False
Is 1003 a composite number?
True
Is 13513 composite?
False
Is 48302 a composite number?
True
Is 693703 composite?
True
Is 4620251 a composite number?
True
Is 2503 prime?
True
Is 145889 a prime number?
False
Is 15629 a prime number?
True
Is 22907 a prime number?
True
Is 131009 a composite number?
False
Is 229681 composite?
False
Is 2389981 composite?
True
Is 453899 prime?
False
Is 5471 composite?
False
Is 1898147 composite?